1 - (-1 + 0) - -5?
5
Evaluate 5 + (5 - 5) - (-1 + 1).
5
What is -5 + 0 + (4 - 2) + 0?
-3
Evaluate 10 - (10 + -6 + 3).
3
Evaluate (-7 + -10 - -7) + 4.
-6
What is -5 - ((-5 - -4) + 1)?
-5
Evaluate -7 + 3 - (-1 - (-1 + 1)).
-3
Calculate 3 - (-1 + 4) - (-5 - -7).
-2
Calculate (-3 - (1 + 3)) + 9.
2
(3 - (-3 + (0 - -2))) + -1
3
Evaluate -13 + 10 + 9 - (-3 - -2).
7
Calculate 2 - -2 - (-3 - -6).
1
What is the value of -5 - (13 + -9 + -10)?
1
6 + 0 + -6 + -5 + 3
-2
Evaluate 169 + -178 + 1 + 5.
-3
What is 2 - (4 + 1 + (5 - 7))?
-1
What is (-5 - (8 - 8)) + -1 - -12?
6
Evaluate -43 - -46 - (0 - (-3 + 0)).
0
What is the value of -11 - -3 - -4 - -8?
4
Calculate -6 + 0 - (44 + -50).
0
-9 + 10 - (0 + -2 - -3)
0
Calculate (-1 + 0 - 3) + 10 + 4.
10
What is the value of 2 + -2 + -6 - (-11 - -11)?
-6
What is the value of -17 + 14 + 11 + -3?
5
Evaluate 0 - -9 - (-20 + 33).
-4
(-2 - (3 + -10)) + 0 - 1
4
Evaluate -3 + -2 + -12 + 9.
-8
Calculate 2 + (-5 - 2) - -4.
-1
Calculate 3 + (-3 + 2 - -4) - 1.
5
What is -18 + 6 + 7 + (0 - -6)?
1
What is the value of 1 + -5 + 2 + -1?
-3
5 + -8 - (-1 + 1)
-3
Evaluate (2 - 5) + (-1 - 1) + 5.
0
What is -4 - (2 + -1 + 2 - 5)?
-2
Calculate 1 + 4 + -3 + -5.
-3
Evaluate 4 - (10 + (-8 - -3)).
-1
(6 - (-1 + 4)) + -1
2
What is the value of (-13 - -2 - (-8 + 7)) + 0?
-10
Evaluate -12 + 7 + (5 - -3).
3
Calculate -2 + (0 - (5 - 4)).
-3
3 + 0 + -8 + (-10 - -16)
1
What is (-1 - (2 + 4)) + 7?
0
What is 7 + (1 + -2 - (0 - -2))?
4
Evaluate -5 + 5 + (-1 - 2) + -2.
-5
3 + -7 + 0 + 0 + 0
-4
Calculate 0 - ((-7 - -4) + (1 - 4)).
6
-2 + (1 - (5 - 9))
3
What is the value of -6 + 2 + 4 + 2?
2
What is the value of 1 + (-1 - 4 - -4 - 1)?
-1
Evaluate -15 + 1 + -47 + 72.
11
-4 - (-5 + (-5 - -8))
-2
Calculate (1 - 1) + 50 + -48.
2
Calculate (-26 - -36) + -3 + (0 - 2).
5
What is (-2 + 5 - (-6 - -12)) + -4?
-7
Evaluate -2 - (-7 + (4 - 4)).
5
Calculate 3 - -3 - (32 + -29).
3
What is the value of (-15 - (5 + (-4 - 3))) + 5?
-8
What is the value of 2 - (12 - ((4 - -5) + -3))?
-4
What is the value of (4 - 3) + (-3 - -2)?
0
Evaluate -5 + (7 - 1) - 0.
1
What is -15 + 7 + -7 + 9?
-6
What is (1 - 4) + -2 + (11 - 8)?
-2
Calculate -7 + 13 + 2 - 6.
2
(1 - 3) + 3 - 1
0
7 + (1 - (1 + 3))
4
What is -9 - (0 + (1 - -5) - 12)?
-3
Evaluate 3 + -4 + -3 + (7 - 8).
-5
-39 - -24 - (-15 - -1)
-1
What is the value of -4 + 2 + (4 - -1)?
3
Evaluate (-11 - -13) + (0 - 6).
-4
Calculate 3 + (4 - 9) + (14 - 15).
-3
Calculate 1 - 1 - (-1 + 3 - -2).
-4
What is 3 + -1 + (3 - (4 + 0))?
1
What is the value of 6 + -1 + 3 + -54 + 48?
2
(0 - (3 + 3)) + 3 + 5
2
What is the value of (1 - 3) + 4 - (-13 + 24)?
-9
Calculate (-1 - -7) + -9 + 2 + -8.
-9
What is the value of (-22 - -14 - -3) + (-4 - 0)?
-9
What is 1 + 4 - (-3 - -3)?
5
-3 + 2 + 6 + -6
-1
What is the value of 0 - (0 + (9 - 5))?
-4
What is 0 + 3 + 0 + -8?
-5
Calculate 10 - ((-1 - -1) + (-28 - -33)).
5
What is the value of (-4 - (2 - -9)) + 6?
-9
What is 1 - 3 - -6 - (-1 + 1)?
4
Calculate (-1 - (4 - 1)) + (0 - -6).
2
1 + (3 - 0 - 9)
-5
What is the value of 0 - 3 - (-3 - (-12 - -7))?
-5
Evaluate -25 + 10 + (-10 - -18).
-7
Evaluate (-3 - -3 - (0 - 0)) + -2.
-2
-4 - 3 - (-2 + -1)
-4
Evaluate (-13 - -20) + -17 + 6.
-4
Calculate -4 - 2 - (0 - 1) - -8.
3
Calculate 30 - 31 - (-2 + -1).
2
0 + 5 + (7 - 11) + -5
-4
Calculate -4 - ((0 + 2 - 4) + -4).
2
1 - 2 - (11 + -12)
0
What is the value of -2 - (-9 + 12 + -6)?
1
0 - (-3 + 6 - (-2 + 6))
1
What is the value of 3 - 0 - (7 + 0)?
-4
(3 - ((3 - 0) + 3)) + 6
3
Calculate (3 - -3 - -3) + -10.
-1
What is 2 - 6 - (0 + -9)?
5
What is the value of 7 + (1 - (11 + -8 + 3))?
2
Calculate -9 - (9 + -10 + -3).
-5
(1 - 4) + 1 + -2 - -5
1
What is the value of 6 + (0 - 0) + 105 + -108?
3
3 - (-6 - -7 - (-1 - 0))
1
Calculate -1 + 0 + 0 + (23 - 21).
1
Evaluate -3 + -4 + 3 + -2 + 2.
-4
Evaluate (3 - 4) + 11 + -1 - 3.
6
(1 - 6) + (9 - 3)
1
What is the value of 3 - (-3 - -5) - (-32 - -28)?
5
Evaluate 1 - (0 + 8 + -2).
-5
8 - (11 - (8 - 1))
4
Evaluate -9 - (0 + -8 + 2).
-3
What is -3 - (-5 - (5 + -5) - -7)?
-5
(9 + -17 - -8) + -5
-5
-57 - -59 - (-1 + 3)
0
What is the value of 5 - (-5 - -13 - 2)?
-1
What is -4 - -7 - (6 - 2)?
-1
What is the value of (-2 - (0 - -1)) + -100 + 99?
-4
Calculate -13 + (7 + -15 - -13).
-8
Calculate (1 - -4 - 8) + 6.
3
What is the value of 12 + -15 + -1 + 0?
-4
2 - (4 - (3 + 6 - 5))
2
What is (6 - 1) + 10 + (-15 - -7)?
7
What is -2 + 4 + (-2 - 4)?
-4
Calculate (1 - 4) + (-1 - -2).
-2
Evaluate -3 + 2 - (39 + -31).
-9
Evaluate 14 + (1 - 9) + -5.
1
What is the value of (21 - 14) + 6 + -18?
-5
Calculate -19 + 5 - -7 - -8.
1
Evaluate -2 + 4 - (10 + -2 + -2).
-4
What is -5 - (-8 + 11 + -1)?
-7
Evaluate 1 - (1 + 2 + (0 - -3)).
-5
Evaluate 8 - -3 - 15 - (-1 - 4).
1
Calculate 10 - (19 - (10 + -1)).
0
Evaluate (1 - -1) + 1 + -6 + 2.
-1
Evaluate -10 + 2 + (2 - -2).
-4
Calculate (10 - 1) + 42 + -48.
3
What is the value of (-3 - -3) + 0 + (-2 - 0)?
-2
Calculate -11 + 1 + 1 + 2 + 3.
-4
What is the value of (4 - 7 - (1 - 6)) + -6?
-4
Evaluate (165 - 159) + (0 - (11 + -1)).
-4
What is the value of 2 - ((3 - 6) + (-3 - -6))?
2
-2 - (3 - (2 - 2 - 2))
-7
Calculate (3 - 5) + -10 - -7.
-5
What is the value of 0 + (-1 - -5) - (516 + -510)?
-2
What is the value of -10 - ((3 - -2) + -11)?
-4
What is the value of (0 - 3) + (-3 - -2)?
-4
What is 4 + 0 + -9 + 4 + 3?
2
What is (24 - 43) + (7 - -2)?
-10
What is the value of -2 - (3 + -3 + 2 + 1)?
-5
Calculate (6 - 10) + (-5 - -13).
4
-6 - ((3 - (3 - 3)) + -7)
-2
What is -3 + 0 + 1 + 11 + -5?
4
What is the value of 3 + (4 + -3 - -1) + -5?
0
What is the value of 207 + -221 + (1 - -10)?
-3
Evaluate -2 + (-3 - (-9 + 5 + -3)).
2
Calculate 9 + (-17 - 6 - -7).
-7
Calculate 1 + 4 - (3 - (4 - 2)).
4
(11 - (5 - 3 - -3)) + -7
-1
Evaluate (-30 - -35) + -3 + 1.
3
11 - ((-9 - -11) + 16)
-7
What is -6 - (7 - 2 - 9)?
-2
Calculate 3 + -3 - (2 + 3 + -9).
4
Evaluate -2 - (-3 + 1) - (9 - 10).
1
0 - 1 - (0 + -3 + 1)
1
(-1 - 3) + (-4 - (0 - 3))
-5
9 + -21 - -7 - -7
2
Evaluate (-5 - (7 + 1)) + 12.
-1
Evaluate 2 - -2 - (-6 + 6) - 4.
0
-5 - (4 - (-6 + 12))
-3
Evaluate 1 + -2 + -3 - (-1 - 3).
0
What is the value of -2 + -1 - (58 + -66)?
5
Calculate -39 + 50 + -10 + 2.
3
Calculate 79 + -77 - (1 - (1 + 2)).
4
(7 - 1) + 2 + -5
3
What is 0 - -2 - (1 - 1)?
2
What is -11 + (-1 - -13) + 8?
9
Calculate 2 - (11 - (1 + 4)) - -12.
8
Calculate -7 - (-4 + -4 - (1 - 6)).
-4
-11 - 2 - (-3 + -5)
-5
Evaluate 4 + 3 + -4 + -6 - 2.
-5
Calculate (5 - -3) + (8 - 21).
-5
What is the value of -7 + (4 - 1) - -4?
0
What is the value of -4 - 5 - (2 - -6 - 10)?
-7
(15 - 2) + -5 + -7 + 4
5
What is -2 + 14 + (15 - 3) + -14?
10
Evaluate 10 + (-7 - (-8 + 5)).
6
What is the value of -11 + (10 - 3) - -5?
1
7 + (2 - (-1 + 4)) + 2
8
Calculate -1 + 14 - (18 - 9 - 3).
7
What is the value of (3 - 9 - -10) + -6?
-2
Calculate -5 + -1 - -3 - 2.
-5
Evaluate (0 + 5 - (44 + -46)) + -13.
-6
Calculate -6 + 3 + (1 - 0) + -3.
-5
What is the value of -3 - (-3 - (6 - 4))?
2
What is the value of -1 + 5 - (-1 - (-3 - 1))?
1
What is the value of 1 - -1 - ((-15 - -8) + 9)?
0
(2 + -6 - -8) + -9
-5
Calculate -1 - 4 - -1 - (-10 + 11).
-5
(-6 - -3) + (0 + 3 - -1)
1
Calculate -1 + 5 + (-10 - 0 - 1).
-7
Evaluate (-2 - (0 + -8)) + -11.
-5
What is the value of 0 + -1 - (-13 + 24 - 13)?
1
What is the value of 4 + (-2 - (-2 - -1))?
3
Evaluate 4 + -5 + 8 + -3 + 0.
4
-4 - (-7 + 3 + 3)
-3
What is 1 - 4 - 2 - (84 + -92)?
3
What is (-3 + 2 - 4) + 0 - -3?
-2
What is the value of -5 + 0 - (0 + (-1 - 0))?
-4
-6 - (-4 + -1 - -3)
-4
What is the value of -2 + (0 - 0) + (18 - 15)?
1
Calculate 3 - (5 - 1 - (1 - -5)).
5
What is the value of 7 - (8 + -4) - (4 - 0)?
-1
Evaluate 1 - (-4 - 0) - 3 - -3.
5
Evaluate -31 + 42 + 1 + -2.
10
What is the value of -2 - 2 - (-5 - -1)?
0
Evaluate 6 + -12 + (3 - -3) + -6.
-6
Calculate -3 - -2 - (0 + 0 - 5).
4
Calculate (76 - 84) + 1 + 5.
-2
Calculate 8 + -7 + 1 - (2 - -2).
-2
What is the value of -1 + -16 - (-153 - -143)?
-7
Calculate 0 + (8 + -3 - (1 + 2)).
2
Evaluate 3 + -1 + (-2 - 2) + -5.
-7
Evaluate -6 + 4 + (4 - -1).
3
What is the value of -5 + (6 - (6 - (3 + 1)))?
-1
What is 4 + (5 - 0) + -5?
4
What is 0 + (7 - 6 - (-2 - 2))?
5
6 - (2 + (-3 - -4))
3
Calculate -8 - (1 + -2 + -3).
-4
2 + (-3 - 0 - 3 - -8)
4
12 + (-7 - -6 - 10)
1
What is -5